?
5, 1187, 4787
What are the prime factors of 120493544?
2, 61, 246913
List the prime factors of 51795149.
7, 23, 321709
List the prime factors of 604686890.
2, 5, 60468689
What are the prime factors of 64047847?
23, 2784689
List the prime factors of 449594250.
2, 3, 5, 7, 29, 2953
What are the prime factors of 913053575?
5, 7, 5217449
What are the prime factors of 1525921903?
11, 1171, 118463
List the prime factors of 2172961674.
2, 3, 13, 71, 43597
List the prime factors of 188724290.
2, 5, 18872429
List the prime factors of 1478634615.
3, 5, 10952849
What are the prime factors of 144999479?
1531, 94709
List the prime factors of 55179188.
2, 13794797
What are the prime factors of 545653659?
3, 599, 303647
List the prime factors of 135595829.
31, 4374059
List the prime factors of 351453559.
351453559
What are the prime factors of 3311237614?
2, 103, 1531, 10499
List the prime factors of 23189683.
11, 17, 269, 461
List the prime factors of 124733287.
7, 17819041
What are the prime factors of 27330063?
3, 199, 45779
List the prime factors of 42859200.
2, 3, 5, 8929
List the prime factors of 553958524.
2, 7, 37, 76387
What are the prime factors of 4150097152?
2, 2267, 7151
What are the prime factors of 1851053451?
3, 13, 1549, 2357
List the prime factors of 6635138151.
3, 103, 21472939
List the prime factors of 1474848104.
2, 184356013
What are the prime factors of 813224943?
3, 90358327
What are the prime factors of 3521762652?
2, 3, 73, 4020277
What are the prime factors of 114831907?
887, 129461
What are the prime factors of 217735225?
5, 191, 45599
List the prime factors of 54906718.
2, 1511, 18169
List the prime factors of 15425448.
2, 3, 29, 37, 599
What are the prime factors of 3354297555?
3, 5, 7, 31945691
List the prime factors of 3071368546.
2, 17, 59, 1531091
What are the prime factors of 55235113?
347, 159179
List the prime factors of 532785303.
3, 29, 680441
List the prime factors of 46557316.
2, 13, 895333
List the prime factors of 1635880642.
2, 11, 179, 415409
What are the prime factors of 68030651?
13, 17, 307831
List the prime factors of 3625097053.
3625097053
List the prime factors of 58646034.
2, 3, 3258113
What are the prime factors of 444965105?
5, 13, 1381, 4957
List the prime factors of 12606360.
2, 3, 5, 13, 8081
What are the prime factors of 47764246?
2, 1997, 11959
List the prime factors of 923792543.
5051, 182893
What are the prime factors of 38244736?
2, 29, 10303
List the prime factors of 1256450560.
2, 5, 173, 2837
What are the prime factors of 41271501?
3, 83, 165749
What are the prime factors of 5661837547?
11783, 480509
What are the prime factors of 180242029?
11, 31, 53, 9973
List the prime factors of 555972463.
555972463
What are the prime factors of 8773380?
2, 3, 5, 7, 11, 211
What are the prime factors of 883025856?
2, 3, 41, 139, 269
What are the prime factors of 4289138379?
3, 158856977
List the prime factors of 126426284.
2, 307, 102953
List the prime factors of 1557003132.
2, 3, 263, 164449
What are the prime factors of 28233759?
3, 2777, 3389
List the prime factors of 211921588.
2, 2579, 20543
What are the prime factors of 60628176?
2, 3, 7, 41, 163
What are the prime factors of 270412230?
2, 3, 5, 11, 819431
What are the prime factors of 12989375?
5, 7, 2969
What are the prime factors of 398513224?
2, 49814153
List the prime factors of 12356739.
3, 17, 26921
List the prime factors of 46830795.
3, 5, 11, 29, 9787
List the prime factors of 130691827.
7, 73, 255757
List the prime factors of 62227453.
71, 876443
What are the prime factors of 58871403?
3, 37, 176791
What are the prime factors of 255084933?
3, 47, 1809113
List the prime factors of 2099239569.
3, 7, 83, 593, 677
List the prime factors of 214522965.
3, 5, 1589059
List the prime factors of 6853192.
2, 856649
What are the prime factors of 287157846?
2, 3, 17, 67, 42019
List the prime factors of 29405106.
2, 3, 181513
List the prime factors of 284825505.
3, 5, 18988367
What are the prime factors of 30679118?
2, 17, 257, 3511
What are the prime factors of 16121396?
2, 59, 68311
List the prime factors of 150684001.
13, 11591077
What are the prime factors of 44818101?
3, 4979789
What are the prime factors of 76114629?
3, 8457181
What are the prime factors of 965979478?
2, 89, 557, 9743
What are the prime factors of 3127677095?
5, 61, 10254679
What are the prime factors of 5200549056?
2, 3, 3009577
What are the prime factors of 1429018475?
5, 281, 203419
List the prime factors of 238278122.
2, 317, 375833
What are the prime factors of 49634639?
49634639
List the prime factors of 41264106.
2, 3, 13, 529027
What are the prime factors of 16616101?
29, 572969
List the prime factors of 675063625.
5, 17, 491, 647
What are the prime factors of 1969553857?
1699, 1159243
What are the prime factors of 309774961?
309774961
List the prime factors of 127499699.
61, 2090159
List the prime factors of 985132304.
2, 13, 1427, 3319
List the prime factors of 621272095.
5, 53, 1481, 1583
List the prime factors of 177585858.
2, 3, 349
What are the prime factors of 5345727054?
2, 3, 890954509
What are the prime factors of 1613020303?
31, 52032913
What are the prime factors of 2124913929?
3, 17, 41, 43, 23633
What are the prime factors of 32493838?
2, 13, 19, 65777
List the prime factors of 1495115924.
2, 373778981
What are the prime factors of 5218248928?
2, 569, 286591
List the prime factors of 62589410.
2, 5, 13, 17, 127, 223
What are the prime factors of 6880071489?
3, 23, 9661, 10321
What are the prime factors of 186708598?
2, 31, 3011429
List the prime factors of 58605669.
3, 37, 175993
List the prime factors of 53839402.
2, 26919701
List the prime factors of 52413041.
101, 691, 751
What are the prime factors of 17448806?
2, 61, 89, 1607
What are the prime factors of 3069073743?
3, 19, 37, 1455227
List the prime factors of 474058855.
5, 17, 79, 227, 311
What are the prime factors of 2996974752?
2, 3, 71, 439697
What are the prime factors of 4769326342?
2, 11, 216787561
What are the prime factors of 96596840?
2, 5, 2414921
What are the prime factors of 108085206?
2, 3, 389, 46309
What are the prime factors of 2838923457?
3, 37, 25575887
List the prime factors of 409331148.
2, 3, 37, 73, 173
What are the prime factors of 87556077?
3, 7, 103, 131
List the prime factors of 1531939126.
2, 765969563
List the prime factors of 4342120.
2, 5, 108553
List the prime factors of 99758130.
2, 3, 5, 23, 144577
What are the prime factors of 287836595?
5, 57567319
What are the prime factors of 690975901?
7, 11, 43, 4259
List the prime factors of 177703816.
2, 199, 111623
List the prime factors of 191796559.
53, 3618803
List the prime factors of 469860422.
2, 23, 1867, 5471
What are the prime factors of 1171561398?
2, 3, 7, 27894319
What are the prime factors of 142322353?
142322353
What are the prime factors of 7727419?
7, 61, 18097
What are the prime factors of 181330175?
5, 13, 73, 7643
List the prime factors of 64363930.
2, 5, 251, 25643
What are the prime factors of 6185643961?
7, 149, 421, 14087
List the prime factors of 1540071373.
1540071373
What are the prime factors of 10041636?
2, 3, 11, 127, 599
What are the prime factors of 11563749?
3, 359, 1193
List the prime factors of 81690357.
3, 7, 373, 10429
What are the prime factors of 3335852630?
2, 5, 11, 2756903
What are the prime factors of 366895314?
2, 3, 233, 87481
What are the prime factors of 3285646687?
19, 569, 303917
What are the prime factors of 51270748?
2, 12817687
What are the prime factors of 1056508240?
2, 5, 13206353
What are the prime factors of 212246279?
7, 30320897
List the prime factors of 14006036.
2, 11, 318319
What are the prime factors of 4220199?
3, 17, 27583
List the prime factors of 6140668.
2, 37, 41491
What are the prime factors of 1612195443?
3, 179132827
List the prime factors of 48962194.
2, 139, 176123
List the prime factors of 25583580.
2, 3, 5, 11, 59, 73
List the prime factors of 4720030449.
3, 137, 173, 66383
What are the prime factors of 516911652?
2, 3, 4786219
List the prime factors of 446434951.
446434951
List the prime factors of 3465893580.
2, 3, 5, 57764893
List the prime factors of 1380214585.
5, 276042917
What are the prime factors of 325289048?
2, 7, 829819
List the prime f